{"id":11669,"date":"2025-12-17T10:43:11","date_gmt":"2025-12-17T10:43:11","guid":{"rendered":"https:\/\/promethee.earth\/?page_id=11669"},"modified":"2026-04-27T12:01:59","modified_gmt":"2026-04-27T12:01:59","slug":"ocean-space-forum-2026","status":"publish","type":"page","link":"https:\/\/promethee.earth\/en\/ocean-space-forum-2026\/","title":{"rendered":"Ocean Space Forum 2026"},"content":{"rendered":"\t\t<div data-elementor-type=\"wp-page\" data-elementor-id=\"11669\" class=\"elementor elementor-11669 elementor-11387\" data-elementor-post-type=\"page\">\n\t\t\t\t<div data-particle_enable=\"false\" data-particle-mobile-disabled=\"false\" class=\"elementor-element elementor-element-daf2765 video-banner-ocean e-con-full e-flex e-con e-parent\" data-id=\"daf2765\" data-element_type=\"container\" data-settings=\"{&quot;background_background&quot;:&quot;video&quot;,&quot;background_video_link&quot;:&quot;https:\\\/\\\/promethee.earth\\\/wp-content\\\/uploads\\\/2026\\\/03\\\/OCEAN-SPACE-FORUM_no_medef_wp.mp4&quot;}\">\n\t\t<div class=\"elementor-background-video-container elementor-hidden-mobile\">\n\t\t\t\t\t\t\t<video class=\"elementor-background-video-hosted\" role=\"presentation\" autoplay muted playsinline loop><\/video>\n\t\t\t\t\t<\/div>\t\t<\/div>\n\t\t<div data-particle_enable=\"false\" data-particle-mobile-disabled=\"false\" class=\"elementor-element elementor-element-ac6ded7 e-flex e-con-boxed e-con e-parent\" data-id=\"ac6ded7\" data-element_type=\"container\">\n\t\t\t\t\t<div class=\"e-con-inner\">\n\t\t\t\t<div class=\"elementor-element elementor-element-a850cd4 elementor-widget elementor-widget-text-editor\" data-id=\"a850cd4\" data-element_type=\"widget\" data-widget_type=\"text-editor.default\">\n\t\t\t\t\t\t\t\t\t<p style=\"text-align: center;\"><span style=\"color: #000000;\" data-ogsc=\"rgb(0, 0, 0)\">Join us on <b>July 2, 2026<\/b>, at the <b>Rainier III Auditorium in Monaco<\/b>\u00a0for a new edition of the <b>Ocean Space Forum<\/b>, a leading international event at the intersection of Ocean and Space.<\/span><\/p><p style=\"text-align: center;\"><span style=\"color: #000000;\" data-ogsc=\"rgb(0, 0, 0)\">In the face of intensifying environmental, climate, and geopolitical challenges affecting maritime domains, the Ocean Space Forum aims to foster high-level dialogue and identify concrete solutions for the preservation, security, and sustainable management of the Ocean.<\/span><\/p><p style=\"text-align: center;\"><span style=\"color: #000000;\" data-ogsc=\"rgb(0, 0, 0)\">Organized by the <b>Principality of Monaco, CNES, and Prom\u00e9th\u00e9e Earth Intelligence,<\/b>\u00a0the Forum will bring together leading experts, public decision-makers, industry leaders, entrepreneurs, and innovators from around the world.<\/span><\/p><p data-pm-slice=\"1 1 []\"><span style=\"color: #000000;\">Discussions will focus on how space-based technologies \u2013 including Earth Observation, data connectivity and advanced services \u2013 can help address the challenges faced by the ocean with regards to climate resilience, maritime security and sustainable ocean governance.<\/span><\/p><p style=\"text-align: center;\"><span style=\"color: #000000;\" data-ogsc=\"rgb(0, 0, 0)\">\u00a0<b>Confirm your participation by completing the registration form below and take part in the discussions shaping the future of our oceans.<\/b><\/span><\/p>\t\t\t\t\t\t\t\t<\/div>\n\t\t\t\t\t<\/div>\n\t\t\t\t<\/div>\n\t\t<div data-particle_enable=\"false\" data-particle-mobile-disabled=\"false\" class=\"elementor-element elementor-element-8782c23 e-flex e-con-boxed e-con e-parent\" data-id=\"8782c23\" data-element_type=\"container\">\n\t\t\t\t\t<div class=\"e-con-inner\">\n\t\t\t\t<div class=\"elementor-element elementor-element-814145d elementor-align-center elementor-widget__width-inherit elementor-widget elementor-widget-button\" data-id=\"814145d\" data-element_type=\"widget\" data-widget_type=\"button.default\">\n\t\t\t\t\t\t\t\t\t\t<a class=\"elementor-button elementor-button-link elementor-size-sm\" href=\"https:\/\/contacts.gouv.mc\/ocean-space-forum-2026-registration\">\n\t\t\t\t\t\t<span class=\"elementor-button-content-wrapper\">\n\t\t\t\t\t\t\t\t\t<span class=\"elementor-button-text\">Register Now<\/span>\n\t\t\t\t\t<\/span>\n\t\t\t\t\t<\/a>\n\t\t\t\t\t\t\t\t<\/div>\n\t\t\t\t\t<\/div>\n\t\t\t\t<\/div>\n\t\t\t\t<\/div>\n\t\t","protected":false},"excerpt":{"rendered":"<p>Join us on July 2, 2026, at the Rainier III Auditorium in Monaco\u00a0for a new edition of the Ocean Space Forum, a leading international event at the intersection of Ocean and Space. In the face of intensifying environmental, climate, and geopolitical challenges affecting maritime domains, the Ocean Space Forum aims to foster high-level dialogue and &#8230; <a title=\"Ocean Space Forum 2026\" class=\"read-more\" href=\"https:\/\/promethee.earth\/en\/ocean-space-forum-2026\/\" aria-label=\"Read more about Ocean Space Forum 2026\">Read more<\/a><\/p>\n","protected":false},"author":2,"featured_media":0,"parent":0,"menu_order":0,"comment_status":"closed","ping_status":"closed","template":"elementor_header_footer","meta":{"footnotes":""},"class_list":["post-11669","page","type-page","status-publish"],"yoast_head":"<!-- This site is optimized with the Yoast SEO plugin v26.8 - https:\/\/yoast.com\/product\/yoast-seo-wordpress\/ -->\n<title>Ocean Space Forum 2026 - Prom\u00e9th\u00e9e<\/title>\n<meta name=\"robots\" content=\"index, follow, max-snippet:-1, max-image-preview:large, max-video-preview:-1\" \/>\n<link rel=\"canonical\" href=\"https:\/\/promethee.earth\/en\/ocean-space-forum-2026\/\" \/>\n<meta property=\"og:locale\" content=\"en_US\" \/>\n<meta property=\"og:type\" content=\"article\" \/>\n<meta property=\"og:title\" content=\"Ocean Space Forum 2026 - Prom\u00e9th\u00e9e\" \/>\n<meta property=\"og:description\" content=\"Join us on July 2, 2026, at the Rainier III Auditorium in Monaco\u00a0for a new edition of the Ocean Space Forum, a leading international event at the intersection of Ocean and Space. In the face of intensifying environmental, climate, and geopolitical challenges affecting maritime domains, the Ocean Space Forum aims to foster high-level dialogue and ... Read more\" \/>\n<meta property=\"og:url\" content=\"https:\/\/promethee.earth\/en\/ocean-space-forum-2026\/\" \/>\n<meta property=\"og:site_name\" content=\"Prom\u00e9th\u00e9e\" \/>\n<meta property=\"article:modified_time\" content=\"2026-04-27T12:01:59+00:00\" \/>\n<meta name=\"twitter:card\" content=\"summary_large_image\" \/>\n<meta name=\"twitter:label1\" content=\"Est. reading time\" \/>\n\t<meta name=\"twitter:data1\" content=\"1 minute\" \/>\n<script type=\"application\/ld+json\" class=\"yoast-schema-graph\">{\"@context\":\"https:\/\/schema.org\",\"@graph\":[{\"@type\":\"WebPage\",\"@id\":\"https:\/\/promethee.earth\/en\/ocean-space-forum-2026\/\",\"url\":\"https:\/\/promethee.earth\/en\/ocean-space-forum-2026\/\",\"name\":\"Ocean Space Forum 2026 - Prom\u00e9th\u00e9e\",\"isPartOf\":{\"@id\":\"https:\/\/promethee.earth\/en\/#website\"},\"datePublished\":\"2025-12-17T10:43:11+00:00\",\"dateModified\":\"2026-04-27T12:01:59+00:00\",\"breadcrumb\":{\"@id\":\"https:\/\/promethee.earth\/en\/ocean-space-forum-2026\/#breadcrumb\"},\"inLanguage\":\"en-US\",\"potentialAction\":[{\"@type\":\"ReadAction\",\"target\":[\"https:\/\/promethee.earth\/en\/ocean-space-forum-2026\/\"]}]},{\"@type\":\"BreadcrumbList\",\"@id\":\"https:\/\/promethee.earth\/en\/ocean-space-forum-2026\/#breadcrumb\",\"itemListElement\":[{\"@type\":\"ListItem\",\"position\":1,\"name\":\"Home\",\"item\":\"https:\/\/promethee.earth\/en\/\"},{\"@type\":\"ListItem\",\"position\":2,\"name\":\"Ocean Space Forum 2026\"}]},{\"@type\":\"WebSite\",\"@id\":\"https:\/\/promethee.earth\/en\/#website\",\"url\":\"https:\/\/promethee.earth\/en\/\",\"name\":\"Prom\u00e9th\u00e9e\",\"description\":\"Op\u00e9rateur New Space de constellations de nano satellites d&#039;observation de la Terre. Rendre la Terre accessible pour tous, pour un monde plus s\u00fbr et plus durable.\",\"publisher\":{\"@id\":\"https:\/\/promethee.earth\/en\/#organization\"},\"potentialAction\":[{\"@type\":\"SearchAction\",\"target\":{\"@type\":\"EntryPoint\",\"urlTemplate\":\"https:\/\/promethee.earth\/en\/?s={search_term_string}\"},\"query-input\":{\"@type\":\"PropertyValueSpecification\",\"valueRequired\":true,\"valueName\":\"search_term_string\"}}],\"inLanguage\":\"en-US\"},{\"@type\":\"Organization\",\"@id\":\"https:\/\/promethee.earth\/en\/#organization\",\"name\":\"Prom\u00e9th\u00e9e Earth Intelligence\",\"url\":\"https:\/\/promethee.earth\/en\/\",\"logo\":{\"@type\":\"ImageObject\",\"inLanguage\":\"en-US\",\"@id\":\"https:\/\/promethee.earth\/en\/#\/schema\/logo\/image\/\",\"url\":\"https:\/\/promethee.earth\/wp-content\/uploads\/2023\/06\/cropped-LOGO_PROMETHEE_EARTH_INTEL_BLANC.png\",\"contentUrl\":\"https:\/\/promethee.earth\/wp-content\/uploads\/2023\/06\/cropped-LOGO_PROMETHEE_EARTH_INTEL_BLANC.png\",\"width\":1918,\"height\":641,\"caption\":\"Prom\u00e9th\u00e9e Earth Intelligence\"},\"image\":{\"@id\":\"https:\/\/promethee.earth\/en\/#\/schema\/logo\/image\/\"}}]}<\/script>\n<!-- \/ Yoast SEO plugin. -->","yoast_head_json":{"title":"Ocean Space Forum 2026 - Prom\u00e9th\u00e9e","robots":{"index":"index","follow":"follow","max-snippet":"max-snippet:-1","max-image-preview":"max-image-preview:large","max-video-preview":"max-video-preview:-1"},"canonical":"https:\/\/promethee.earth\/en\/ocean-space-forum-2026\/","og_locale":"en_US","og_type":"article","og_title":"Ocean Space Forum 2026 - Prom\u00e9th\u00e9e","og_description":"Join us on July 2, 2026, at the Rainier III Auditorium in Monaco\u00a0for a new edition of the Ocean Space Forum, a leading international event at the intersection of Ocean and Space. In the face of intensifying environmental, climate, and geopolitical challenges affecting maritime domains, the Ocean Space Forum aims to foster high-level dialogue and ... Read more","og_url":"https:\/\/promethee.earth\/en\/ocean-space-forum-2026\/","og_site_name":"Prom\u00e9th\u00e9e","article_modified_time":"2026-04-27T12:01:59+00:00","twitter_card":"summary_large_image","twitter_misc":{"Est. reading time":"1 minute"},"schema":{"@context":"https:\/\/schema.org","@graph":[{"@type":"WebPage","@id":"https:\/\/promethee.earth\/en\/ocean-space-forum-2026\/","url":"https:\/\/promethee.earth\/en\/ocean-space-forum-2026\/","name":"Ocean Space Forum 2026 - Prom\u00e9th\u00e9e","isPartOf":{"@id":"https:\/\/promethee.earth\/en\/#website"},"datePublished":"2025-12-17T10:43:11+00:00","dateModified":"2026-04-27T12:01:59+00:00","breadcrumb":{"@id":"https:\/\/promethee.earth\/en\/ocean-space-forum-2026\/#breadcrumb"},"inLanguage":"en-US","potentialAction":[{"@type":"ReadAction","target":["https:\/\/promethee.earth\/en\/ocean-space-forum-2026\/"]}]},{"@type":"BreadcrumbList","@id":"https:\/\/promethee.earth\/en\/ocean-space-forum-2026\/#breadcrumb","itemListElement":[{"@type":"ListItem","position":1,"name":"Home","item":"https:\/\/promethee.earth\/en\/"},{"@type":"ListItem","position":2,"name":"Ocean Space Forum 2026"}]},{"@type":"WebSite","@id":"https:\/\/promethee.earth\/en\/#website","url":"https:\/\/promethee.earth\/en\/","name":"Prom\u00e9th\u00e9e","description":"Op\u00e9rateur New Space de constellations de nano satellites d&#039;observation de la Terre. Rendre la Terre accessible pour tous, pour un monde plus s\u00fbr et plus durable.","publisher":{"@id":"https:\/\/promethee.earth\/en\/#organization"},"potentialAction":[{"@type":"SearchAction","target":{"@type":"EntryPoint","urlTemplate":"https:\/\/promethee.earth\/en\/?s={search_term_string}"},"query-input":{"@type":"PropertyValueSpecification","valueRequired":true,"valueName":"search_term_string"}}],"inLanguage":"en-US"},{"@type":"Organization","@id":"https:\/\/promethee.earth\/en\/#organization","name":"Prom\u00e9th\u00e9e Earth Intelligence","url":"https:\/\/promethee.earth\/en\/","logo":{"@type":"ImageObject","inLanguage":"en-US","@id":"https:\/\/promethee.earth\/en\/#\/schema\/logo\/image\/","url":"https:\/\/promethee.earth\/wp-content\/uploads\/2023\/06\/cropped-LOGO_PROMETHEE_EARTH_INTEL_BLANC.png","contentUrl":"https:\/\/promethee.earth\/wp-content\/uploads\/2023\/06\/cropped-LOGO_PROMETHEE_EARTH_INTEL_BLANC.png","width":1918,"height":641,"caption":"Prom\u00e9th\u00e9e Earth Intelligence"},"image":{"@id":"https:\/\/promethee.earth\/en\/#\/schema\/logo\/image\/"}}]}},"_links":{"self":[{"href":"https:\/\/promethee.earth\/en\/wp-json\/wp\/v2\/pages\/11669","targetHints":{"allow":["GET"]}}],"collection":[{"href":"https:\/\/promethee.earth\/en\/wp-json\/wp\/v2\/pages"}],"about":[{"href":"https:\/\/promethee.earth\/en\/wp-json\/wp\/v2\/types\/page"}],"author":[{"embeddable":true,"href":"https:\/\/promethee.earth\/en\/wp-json\/wp\/v2\/users\/2"}],"replies":[{"embeddable":true,"href":"https:\/\/promethee.earth\/en\/wp-json\/wp\/v2\/comments?post=11669"}],"version-history":[{"count":11,"href":"https:\/\/promethee.earth\/en\/wp-json\/wp\/v2\/pages\/11669\/revisions"}],"predecessor-version":[{"id":11867,"href":"https:\/\/promethee.earth\/en\/wp-json\/wp\/v2\/pages\/11669\/revisions\/11867"}],"wp:attachment":[{"href":"https:\/\/promethee.earth\/en\/wp-json\/wp\/v2\/media?parent=11669"}],"curies":[{"name":"wp","href":"https:\/\/api.w.org\/{rel}","templated":true}]}}

<div data-elementor-type="wp-page" data-elementor-id="11669" class="elementor elementor-11669 elementor-11387" data-elementor-post-type="page">
				<div data-particle_enable="false" data-particle-mobile-disabled="false" class="elementor-element elementor-element-daf2765 video-banner-ocean e-con-full e-flex e-con e-parent" data-id="daf2765" data-element_type="container" data-settings="{&quot;background_background&quot;:&quot;video&quot;,&quot;background_video_link&quot;:&quot;https:\/\/promethee.earth\/wp-content\/uploads\/2026\/03\/OCEAN-SPACE-FORUM_no_medef_wp.mp4&quot;}">
		<div class="elementor-background-video-container elementor-hidden-mobile">
							<video class="elementor-background-video-hosted" role="presentation" autoplay muted playsinline loop></video>
					</div>		</div>
		<div data-particle_enable="false" data-particle-mobile-disabled="false" class="elementor-element elementor-element-ac6ded7 e-flex e-con-boxed e-con e-parent" data-id="ac6ded7" data-element_type="container">
					<div class="e-con-inner">
				<div class="elementor-element elementor-element-a850cd4 elementor-widget elementor-widget-text-editor" data-id="a850cd4" data-element_type="widget" data-widget_type="text-editor.default">
									<p style="text-align: center;"><span style="color: #000000;" data-ogsc="rgb(0, 0, 0)">Join us on <b>July 2, 2026</b>, at the <b>Rainier III Auditorium in Monaco</b> for a new edition of the <b>Ocean Space Forum</b>, a leading international event at the intersection of Ocean and Space.</span></p><p style="text-align: center;"><span style="color: #000000;" data-ogsc="rgb(0, 0, 0)">In the face of intensifying environmental, climate, and geopolitical challenges affecting maritime domains, the Ocean Space Forum aims to foster high-level dialogue and identify concrete solutions for the preservation, security, and sustainable management of the Ocean.</span></p><p style="text-align: center;"><span style="color: #000000;" data-ogsc="rgb(0, 0, 0)">Organized by the <b>Principality of Monaco, CNES, and Prométhée Earth Intelligence,</b> the Forum will bring together leading experts, public decision-makers, industry leaders, entrepreneurs, and innovators from around the world.</span></p><p data-pm-slice="1 1 []"><span style="color: #000000;">Discussions will focus on how space-based technologies – including Earth Observation, data connectivity and advanced services – can help address the challenges faced by the ocean with regards to climate resilience, maritime security and sustainable ocean governance.</span></p><p style="text-align: center;"><span style="color: #000000;" data-ogsc="rgb(0, 0, 0)"> <b>Confirm your participation by completing the registration form below and take part in the discussions shaping the future of our oceans.</b></span></p>								</div>
					</div>
				</div>
		<div data-particle_enable="false" data-particle-mobile-disabled="false" class="elementor-element elementor-element-8782c23 e-flex e-con-boxed e-con e-parent" data-id="8782c23" data-element_type="container">
					<div class="e-con-inner">
				<div class="elementor-element elementor-element-814145d elementor-align-center elementor-widget__width-inherit elementor-widget elementor-widget-button" data-id="814145d" data-element_type="widget" data-widget_type="button.default">
										<a class="elementor-button elementor-button-link elementor-size-sm" href="https://contacts.gouv.mc/ocean-space-forum-2026-registration">
						<span class="elementor-button-content-wrapper">
									<span class="elementor-button-text">Register Now</span>
					</span>
					</a>
								</div>
					</div>
				</div>
				</div>

<!-- This site is optimized with the Yoast SEO plugin v26.8 - https://yoast.com/product/yoast-seo-wordpress/ -->
<title>Ocean Space Forum 2026 - Prométhée</title>
<meta name="robots" content="index, follow, max-snippet:-1, max-image-preview:large, max-video-preview:-1" />
<link rel="canonical" href="https://promethee.earth/en/ocean-space-forum-2026/" />
<meta property="og:locale" content="en_US" />
<meta property="og:type" content="article" />
<meta property="og:title" content="Ocean Space Forum 2026 - Prométhée" />
<meta property="og:description" content="Join us on July 2, 2026, at the Rainier III Auditorium in Monaco for a new edition of the Ocean Space Forum, a leading international event at the intersection of Ocean and Space. In the face of intensifying environmental, climate, and geopolitical challenges affecting maritime domains, the Ocean Space Forum aims to foster high-level dialogue and ... Read more" />
<meta property="og:url" content="https://promethee.earth/en/ocean-space-forum-2026/" />
<meta property="og:site_name" content="Prométhée" />
<meta property="article:modified_time" content="2026-04-27T12:01:59+00:00" />
<meta name="twitter:card" content="summary_large_image" />
<meta name="twitter:label1" content="Est. reading time" />
	<meta name="twitter:data1" content="1 minute" />
<script type="application/ld+json" class="yoast-schema-graph">{"@context":"https://schema.org","@graph":[{"@type":"WebPage","@id":"https://promethee.earth/en/ocean-space-forum-2026/","url":"https://promethee.earth/en/ocean-space-forum-2026/","name":"Ocean Space Forum 2026 - Prométhée","isPartOf":{"@id":"https://promethee.earth/en/#website"},"datePublished":"2025-12-17T10:43:11+00:00","dateModified":"2026-04-27T12:01:59+00:00","breadcrumb":{"@id":"https://promethee.earth/en/ocean-space-forum-2026/#breadcrumb"},"inLanguage":"en-US","potentialAction":[{"@type":"ReadAction","target":["https://promethee.earth/en/ocean-space-forum-2026/"]}]},{"@type":"BreadcrumbList","@id":"https://promethee.earth/en/ocean-space-forum-2026/#breadcrumb","itemListElement":[{"@type":"ListItem","position":1,"name":"Home","item":"https://promethee.earth/en/"},{"@type":"ListItem","position":2,"name":"Ocean Space Forum 2026"}]},{"@type":"WebSite","@id":"https://promethee.earth/en/#website","url":"https://promethee.earth/en/","name":"Prométhée","description":"Opérateur New Space de constellations de nano satellites d&#039;observation de la Terre. Rendre la Terre accessible pour tous, pour un monde plus sûr et plus durable.","publisher":{"@id":"https://promethee.earth/en/#organization"},"potentialAction":[{"@type":"SearchAction","target":{"@type":"EntryPoint","urlTemplate":"https://promethee.earth/en/?s={search_term_string}"},"query-input":{"@type":"PropertyValueSpecification","valueRequired":true,"valueName":"search_term_string"}}],"inLanguage":"en-US"},{"@type":"Organization","@id":"https://promethee.earth/en/#organization","name":"Prométhée Earth Intelligence","url":"https://promethee.earth/en/","logo":{"@type":"ImageObject","inLanguage":"en-US","@id":"https://promethee.earth/en/#/schema/logo/image/","url":"https://promethee.earth/wp-content/uploads/2023/06/cropped-LOGO_PROMETHEE_EARTH_INTEL_BLANC.png","contentUrl":"https://promethee.earth/wp-content/uploads/2023/06/cropped-LOGO_PROMETHEE_EARTH_INTEL_BLANC.png","width":1918,"height":641,"caption":"Prométhée Earth Intelligence"},"image":{"@id":"https://promethee.earth/en/#/schema/logo/image/"}}]}</script>
<!-- / Yoast SEO plugin. -->

Ocean Space Forum 2026 - Prométhée

Prométhée

Opérateur New Space de constellations de nano satellites d&#039;observation de la Terre. Rendre la Terre accessible pour tous, pour un monde plus sûr et plus durable.

Prométhée Earth Intelligence
